, -4*n - 48 = 4*l. Let a(z) = z**2 + 9*z. Let u be a(l). Calculate the highest common divisor of u and q.
10
Let g be (3 + -21 + 0)*(-510)/340. What is the greatest common factor of g and 2511?
27
Let v = -4 - -19. Suppose -v = -15*j + 10*j. Let p be (j - 22/10)*30. What is the greatest common divisor of p and 36?
12
Suppose -47*x = -60*x - 39. Let w(a) be the second derivative of -7*a**3/6 - 3*a**2 + a. Let h be w(x). Calculate the highest common divisor of h and 75.
15
Suppose 4*a + 66 = 3*q, 5*a - 3*a + 36 = 3*q. Let x = 17 + a. Suppose -64 = -5*o + o. What is the highest common factor of x and o?
2
Let k be (-12050)/(-45) + (-4)/(-18). Suppose -2*i + k = -2*u, 3*u = 4*i - 3*i - 138. What is the highest common divisor of 44 and i?
44
Suppose 0 = -15*b + 14*b + 32. Suppose 40 = 2*h - b. What is the highest common factor of 108 and h?
36
Let q(t) = 2*t**3 - 48*t**2 + 79*t + 6. Let h be q(24). What is the greatest common divisor of 18 and h?
6
Suppose 4*u - 7*u - 4*u = 0. Suppose 32*j - 48*j + 512 = u. What is the greatest common divisor of 800 and j?
32
Let f = -22442 + 22460. What is the highest common factor of f and 636?
6
Let s = 7666 + -7664. Suppose -5*b + 5*l + 15 = 0, 2 = b - 5*l - 1. Let w be (3/s)/(b/4). What is the highest common factor of 16 and w?
2
Let a be 142/10 - 1/5. Let l = 98 + -40. Let j = 54 + l. Calculate the highest common factor of j and a.
14
Suppose -116*i + 113*i = t - 3888, 5*i + 5*t - 6480 = 0. Calculate the greatest common divisor of 16 and i.
16
Let x(i) = -105*i - 93. Let w be x(-8). What is the highest common divisor of 415 and w?
83
Let g(v) = 9*v**2 - 73*v - 390. Let a be g(-6). What is the greatest common divisor of a and 217?
31
Suppose 0 = 101*j - 32874 - 468288. What is the highest common divisor of j and 12?
6
Suppose -a = 3*m - 132, 37 = -2*a + m + 266. What is the highest common factor of a and 1248?
39
Let r(v) = -3 - 65 + 59*v + 18 - 44. Let b be r(9). What is the highest common factor of b and 19?
19
Let k be (-16)/((-134)/44 - -3). Let v be (k/(-20) - 0)*-5. Suppose 4*o = 2*s + 36, 0 = -6*o + 7*o + 5*s - 31. Calculate the greatest common divisor of v and o.
11
Let w = -841 + 125. Let i = w + 718. Calculate the greatest common divisor of 45 and i.
1
Let k = -14372 - -14408. Calculate the highest common factor of 8055 and k.
9
Let d(a) = 1546*a**2 + 88*a - 303. Let c be d(3). Calculate the greatest common factor of 370 and c.
185
Suppose -38*t = -29*t + 1368. Let p be t/21*-3 + 24/84. Calculate the greatest common factor of 506 and p.
22
Suppose 0 = -48*s + 5374 - 2014. What is the greatest common factor of s and 154?
14
Suppose 8*x - 3*x - 300 = 0. Let n be ((-708)/10)/(18/x). Let j be (n*1/(-8))/((-2)/(-4)). What is the greatest common factor of j and 413?
59
Let x = -1226 + 8795. What is the greatest common factor of x and 29?
29
Let v(o) = 6*o + 38. Let b = 93 - 81. Let n be v(b). Let u = -100 + n. What is the greatest common divisor of 10 and u?
10
Let k be -6*(84/(-8) + 2). Let a = -48 + k. Suppose 6*l - 11 - 7 = 0. Calculate the highest common factor of l and a.
3
Let y = 4542 - 4510. What is the greatest common divisor of 432 and y?
16
Let u = 957 + -515. Let c = u + -92. What is the highest common divisor of 42 and c?
14
Suppose -3*w + 71863 = -5*t, -2*t = -104 + 90. Calculate the highest common divisor of 46 and w.
46
Let c be (-3*24/(-16) - 3)/((-3)/(-1364)). What is the highest common factor of c and 77?
11
Let z be 33*(-6)/(-110)*(135 + -85). Calculate the highest common divisor of z and 6525.
45
Suppose -s + 5301 = 4*y, -17*s - 5277 = -18*s + 4*y. What is the greatest common factor of 369 and s?
123
Suppose 1984 = 4*u - 0*u. Suppose -91*f + 71*f = -1240. What is the highest common factor of f and u?
62
Suppose 0 = 9*p - 444 - 159. Suppose 0 = 89*o - p*o - 1276. Calculate the highest common factor of 2 and o.
2
Let d(j) = 11*j + 786. Let t be d(-15). Calculate the greatest common divisor of 513 and t.
27
Let z be (-68)/((-7 - -3)/4). Suppose -733 = -u - 3*m, -2*u - 4*m - 1516 = -4*u. Calculate the highest common factor of z and u.
68
Let k = 16 - 2. Let w(c) be the second derivative of -c**3 - 95*c**2/2 - c. Let q be w(-17). What is the highest common factor of q and k?
7
Suppose 718 + 528 = 89*r. Let d be (-3)/((-9)/2563) + (-19)/57. What is the greatest common divisor of r and d?
14
Suppose d + 3125 = t, -4*t - d + 11269 = -1261. Calculate the greatest common factor of t and 31.
31
Suppose 0 = -2*y + 2, 4*b - 18 = y - 3*y. Suppose -5*c - 3*p + 7*p + 926 = 0, 3*c - 530 = -b*p. What is the highest common divisor of 26 and c?
26
Let q(c) = c**2 - 5*c - 8514. Let g be q(96). What is the greatest common factor of g and 20313?
111
Let m(j) = -573*j - 20. Let s be m(4). Let k be (s/(-170))/(2/10). What is the highest common divisor of 884 and k?
68
Let h = -3891 - -3955. Calculate the highest common divisor of h and 200.
8
Let a = -31167 + 31171. Let o be -2 - 18/(-3 + 2). What is the greatest common divisor of o and a?
4
Let d(v) = 3*v + 80. Suppose -142 = -22*i + 34. Let z be d(i). Calculate the highest common divisor of z and 8.
8
Let h = -2277 + 2312. Let o(t) = 80*t - 1. Let c be o(1). Suppose 2*u = -4*p + 58, 9 + c = 4*u + p. What is the greatest common divisor of h and u?
7
Suppose 328 + 107 = 3*h. Suppose 456 = 5*z - 46*j + 39*j, 426 = 5*z + 3*j. What is the highest common factor of z and h?
29
Let j be (-48016)/(-208) - 8/(-52). Calculate the greatest common factor of 336 and j.
21
Let q = -6726 + 6754. Let y(m) = 17*m - 10. Let s be y(8). Calculate the greatest common factor of q and s.
14
Suppose -5*y - 2*z = -3272, -4*y + 41*z = 46*z - 2604. Suppose -66*i = -25*i - y. What is the greatest common factor of 1984 and i?
16
Let b be (-12)/15*(-179 - 1). Suppose s = 3*d - 298, -100 - 284 = -4*d + 4*s. Let j = d + -92. Calculate the greatest common divisor of b and j.
9
Suppose -24 = -3*m - 3*h, -5*m - h + 37 + 3 = 0. Suppose m*w + 30*w = 456. Suppose -16 = -5*i + 14. Calculate the highest common factor of i and w.
6
Let m(b) = 207*b**2 - 525*b - 3077. Let u be m(-6). What is the greatest common factor of 50 and u?
25
Let m be ((-3)/6)/((-3)/30) - 0. Let d = 29 + -14. Suppose d*s - 85 = m. What is the highest common divisor of 3 and s?
3
Let n = -5282 + 6384. Calculate the greatest common divisor of 290 and n.
58
Let h(s) = 74*s**2 + 101*s + 13. Let k be h(-4). What is the highest common divisor of 13 and k?
13
Let k(b) = 2*b**3 - 63*b**2 + b - 20. Let g be k(32). Suppose 9*w + 68 = 2*i + 3*w, 86 = 3*i - w. Calculate the greatest common factor of g and i.
28
Let m = 39 + -27. Suppose m = s + s. Let y be 52*(s/8 + 0). What is the highest common factor of y and 195?
39
Let z be (-4 + (1 - 45))*(-400)/75. What is the greatest common divisor of 448 and z?
64
Suppose 0 = -2*o - 0*o - 4*y, -4*y = -5*o + 14. Let f = 1157 - 1142. Let j be (3 + f/(-9))/((-4)/(-66)). What is the greatest common divisor of j and o?
2
Let p = -5666 - -15439. Calculate the highest common divisor of p and 116.
29
Let l(x) = -37636 - 2*x**3 + 10*x + 3*x**2 - x**2 + 37639. Let n be l(-2). Calculate the greatest common factor of 21 and n.
7
Let j = 241 + -237. Suppose 3*u - u - q = 12, -j*u + 5*q = -12. Calculate the highest common factor of u and 232.
8
Suppose -2*l + 8 = 0, 5*l + 0*l - 35 = -5*y. Suppose -y*k = -3*j + 318, -2*j + 216 = -24*k + 23*k. What is the highest common divisor of j and 154?
22
Let b = -18874 - -18934. What is the highest common factor of 3640 and b?
20
Suppose 0 = 18*s - 21*s + 6. Suppose 0 = s*o + 5 - 35. Let f be 126/o*35/14. Calculate the greatest common factor of f and 168.
21
Let m = 105 + 90. Suppose -8*q + m - 75 = 0. Suppose -6*a = -2*a - 540. What is the greatest common factor of a and q?
15
Let n be ((-7)/(70/(-6)))/(1/5). Let u be (16/n)/4*(-21)/(-2). Suppose o - 6 = -3*c + u, 0 = -2*o - 5*c + 39. What is the greatest common factor of o and 1?
1
Suppose 7*i = 12*i + 2*g - 13486, -4*i + 5*g = -10835. Calculate the highest common factor of 216 and i.
108
Suppose -13*n + 11*n + 2*q = -14, -4*n + 34 = -2*q. Suppose n*p = -645 + 2245. What is the highest common factor of p and 100?
20
Let t = 10 + -10. Suppose -4*m = -2*m - 2*r - 926, m - 5*r - 443 = t. Let b = m - 6. Calculate the